
30
Evaluate (-1 - 131) + 27 + (1 - -15) + 1153 + -1191.
-127
What is -2 + 3 + 9 - (-2 - -63)?
-51
Evaluate 17 - 30 - 37 - -74.
24
(-85 - -8 - -90) + -41
-28
Calculate (-112 - ((22 - 49) + 26)) + 3.
-108
3 + -1 - (719 - 724)
7
Evaluate 22 - (21 + -24 + 11 + 5 + -21).
30
What is -2 - ((0 - (-13 - -2)) + 15 + -17 + -12)?
1
What is the value of -122 + 174 + (-54 - 1)?
-3
What is 17 + -3 + -19 + -45 - (-9 - -7)?
-48
16 + (0 - -78 - ((-68 - -69) + -26 + 9))
110
What is -5 + 2 + (-11 + 11 - -12) + 7?
16
What is the value of (17 - (0 - (11 + -11 - -4))) + 6?
27
Calculate (-21 - (14 - 14) - -62) + -18 - 83.
-60
What is the value of 107 - (121 - 20) - (12 + 0)?
-6
Calculate -21 - -3 - (4 + 2 - (101 - 51)).
26
Calculate 1 + 110 + -2215 + 2174.
70
(-4 - (-7 - (9 - 0))) + 3 + -3
12
Evaluate (15 - 7) + -21 + -103 + 11 - -2.
-103
2 + (9 - -1) + (-4 - -2) + -10191 + 10198
17
What is (-139 - -299) + -162 + -70?
-72
Calculate 8 - (-2 + 20) - (-4 - -11 - -76 - 11).
-82
Evaluate -4 - -10 - (11 - ((1 - 11) + -165 + 198)).
18
-24 - ((18 - 55) + (0 - -10))
3
Evaluate (161 + -218 - (-25 + -3)) + 87.
58
What is 6 - (16 + (-113 - -101 - (-1 + 1)))?
2
Calculate 17 + (14 - (12 + 43)) + 99.
75
What is the value of 94 - 3 - (683 - 617)?
25
What is the value of -5 - ((-9 - (10 + 5 + -6)) + -31)?
44
Calculate 9 - (-34 + -29 + 45 + -11).
38
6 - (-18 + 11) - (54 - 63)
22
What is 1816 + -1834 + 76 + 1 + 33?
92
Evaluate (1 - 39) + 0 + (-69 - -39) + 30 - -5.
-33
-84 + (46 - (26 - 5)) + 1
-58
Evaluate 38 + -15 - 77 - -53.
-1
Evaluate (30 - (-7 + 16 + -9)) + -152 + 132.
10
Calculate 18 - (1 + 6 + (-1 - -2)) - -8.
18
Calculate 9 + (-4 - 1) + -20 + 24 + 64.
72
Evaluate -5 + -3 - (-2 - -23) - -12 - -119.
102
Calculate -9 - -5 - (-53 - -2 - (38 + 11 + -58)).
38
What is 53 + -243 + 79 + 202?
91
Evaluate (-114 - -137) + 2 + 3 - -19.
47
Calculate 65 - (-17 - -34 - 10 - 30).
88
Calculate (-15 - -7) + 30 - 20 - (2 - (2 + 47)).
49
What is 8 + (1 + -8 - -6) - (-19 + -13)?
39
-2 - (15 - 4) - (29 - 73)
31
What is the value of 59 + -158 + 74 + 79?
54
Evaluate 71 + -60 + -29 + -16.
-34
Calculate (1 - 4) + -2 - (0 - (20 + (-15 - -10))).
10
-10 - (-6 + 6 + 4 + -3) - (151 + -171)
9
Evaluate 3321 + -3285 - (56 + 0).
-20
Calculate ((14 - 107) + 10 - 19) + 13.
-89
What is 15 + -23 + -3 + 15 + -29?
-25
Calculate 12 + 1 + -81 + 70 + 4 + 19.
25
Calculate -7 + (4 - -2) - (955 - 1040).
84
Calculate 1 - -12 - (50 + 16 + 5).
-58
What is -1693 + 1711 - (78 - 3)?
-57
-110 + (21 + (5 - (31 - 10)) - -16)
-89
What is the value of -65 + -55 + 106 - (5 + -29)?
10
Evaluate 0 + 12 + (9 - (15 + (-29 - -4))) + 12.
43
Evaluate -2 + 35 + -12 + 2 + (-105 - -91).
9
Calculate (-117 - -2) + -3 + (38 + 57 - 87).
-110
-1215 + 1317 + (-60 - 0)
42
What is the value of -13 + -7 - (68 + -4 + -15)?
-69
Calculate (1 - -10) + ((-10 - 63) + 7 - -7) + 33.
-15
What is (17 - -1) + 188 + (43 - 74) + -57?
118
-11 + (1 - -15) + 82 + -56 + 0
31
Evaluate -72 + (33 - 103 - -136).
-6
(7 - (-2 - -11)) + 1 + (-6 - (7 - 57))
43
What is the value of (-51 + 61 - (-2 + (18 - 1))) + 61 + -2?
54
(31 - 0) + (62 - (63 - (14 - 21)))
23
-89 - (-50 - (-3 + -29) - (3 + -3))
-71
Calculate 6 - (14 - 3) - (1 - (19 + -20)).
-7
Calculate -4 + -95 - -7 - (-158 - -179).
-113
14 + -10 + 7 + 5 + (5 + -13 - 3)
5
Calculate 184 - 183 - (-7 + (4 + 64 - 1)).
-59
Calculate (36 - (-8 + 28 - -12)) + (0 - 14).
-10
Calculate 3 + 2 + 1 + (-11 - -8) + -1 - -7.
9
Calculate 23 + (29 - 14) + (-4 - 0).
34
What is 248 + -111 - ((-8 - 2) + 54)?
93
-263 - -217 - (-26 - 6)
-14
Evaluate (-12 - -42) + (-35 - (-4 - 11)).
10
What is -63 - (26 + -72) - -22?
5
Calculate 68 - (-2 + -16) - (-2 + (14 + -9 - 9)).
92
Evaluate -24 + (5 - 2) + -9 + 46.
16
Evaluate 54 - (46 - (-94 + 57)).
-29
Calculate 18578 - 18559 - (8 - -1 - (-3 - -2)).
9
What is 12 + (-9 - -3) + 5 + 4 - 9?
6
What is the value of -5 - -22 - 146 - -229?
100
Calculate (-3 - -12) + -3 + (-49 - (-1 + 17 + -13)).
-46
10 - (169 - 76 - 65 - (0 - 17))
-35
What is 84 + -118 - (106 - (-11 + 24))?
-127
Calculate -32 - (-36 - -19) - (31 + -4 + 8).
-50
Evaluate -2 + (-2 - -4) - (9 + -15) - (-289 - -321).
-26
Evaluate 9 - (82 + 15 - (54 + -66 + (20 - 1))).
-81
-27 + (38 - (10 - -7)) - (0 + -16)
10
Evaluate (16 + -27 - -99 - 28) + 11.
71
Evaluate 28 + -61 + (119 - (28 + -32)).
90
Evaluate (3 + -5 - -73 - (-713 + 715)) + -6.
63
(25 + (-2 - 5) - 70) + 26
-26
Calculate -1 + -100 + 6 - (-386 + 425).
-134
47 + (-43 - (-48 + 35))
17
Calculate 2 + -3 - 23 - (-1098 - -1068).
6
What is 76 + (-29 - (-1 + -6 + 2))?
52
Calculate (7 - 15) + -7 + (102 - (16 - 26)) + -4.
93
What is the value of (37 - 9) + (-43 - -41)?
26
-3 + 4 + 0 - (32 + 2 + -26)
-7
What is -127 - (-7 + -168) - (1 + -23 + -1)?
71
Evaluate (-33 - (4 + -4)) + (5601 - 5498).
70
Calculate (45 - 88) + -162 + 107.
-98
Evaluate -33 + (-22 - (5 - 48)) + 13.
1
Evaluate -13 - ((-17 + -3 - (-27 + 25 + -8)) + 13).
-16
What is the value of (5 + -8 - -39) + (-745 - -774)?
65
Evaluate 19 + (-7 - (-15 - -78)).
-51
What is the value of -8 - (73 + -17 - 76)?
12
Calculate -135 - (-9 - 38) - -179.
91
Calculate (-16 - -4) + 8 + (-15 - 18) + -29.
-66
Calculate (-7 - -1) + 1 + (-13 - (-2 + -19)) + 78.
81
What is 15 + -2 - ((-56 - -3) + 7)?
59
9 + -117 + (52 - -36)
-20
Calculate -13 - (24 + 41 + -31 - (2 - 1)).
-46
What is 5 + 53 + (-72 - -19) + (1 - 92)?
-86
(2 - 2) + 11 + (525 - 513 - (9 - -1))
13
What is the value of 36 - ((0 - (2 + (-14 - 3))) + 3 + -8)?
26
What is the value of 75 - ((0 - (15 - (-2 - -20))) + 6)?
66
What is the value of 14 + -20 + -9 + 9 + 12 + -33?
-27
-12 - (-5 + -3) - (-7 - -2 - (10 + -12))
-1
(10 - -5) + -45 + (3 - (-3 - -2)) + -12
-38
Evaluate 3 + 3 + (-2 - (18 - 14 - 16)).
16
What is the value of 11 + -36 + (113 - 56)?
32
What is -2 - 1 - (-58 - -15) - (-14 + 15)?
39
Calculate 117 - (-3 + -13 + 62 - 5).
76
Calculate (1 - (-9 - 2)) + (-5 - (-4 - -1)) + 0.
10
Calculate (18 + -8 - 6) + -38 + (-1 - 1).
-36
What is the value of (-93 + 46 - -117) + -31?
39
Calculate -112 + 182 + -63 - (-2 - (0 + -1)).
8
Calculate -649 - -659 - (-3 - 97 - 0).
110
What is the value of (-101 - -51) + 74 - 97?
-73
Evaluate 0 + 68 - (-97 + 108 - -2).
55
What is -81 + -17 - (-514 + 432)?
-16
-3 - ((6 - -18) + -78)
51
Calculate 11 + (10 - (-6 + 16)) + -5 + (-42 - 4).
-40
What is -35 - (-83 + (68 - 53))?
33
-9 + (255 - 138 - (32 - 4))
80
45 - (116 + -68) - -34
31
-46 + -61 + 66 + 75
34
What is the value of (82 - (-62 + 185)) + (6 - -115)?
80
What is (27 - (41 - 15)) + -20 - -17?
-2
Calculate (73 - (95 + -39)) + -118 + 0 + 18.
-83
What is the value of 11 - (54 + -48 + 58)?
-53
Evaluate -17 + 13 + (7 - -3 - -25).
31
What is the value of (48 - -67) + -45 + -102?
-32
Evaluate 2 - (3 - (14 + (-49 - -11))) - 4.
-29
Evaluate -4 - (4 - 5 - (-36 + 33 + -10)).
-16
Evaluate (-35 - (-21 + -94)) + -84.
-4
What is (-215 - -215) + (-16 - -19 - (41 - (2 + -1)))?
-37
What is the value of 83 + (111 - 203) - -114?
105
What is 5 + (19 + (-113 - -7) - (-2 + 23))?
-103
What is the value of 113 + -36 + 5 - 61?
21
Calculate (15 - 64) + 60 - (0 + -22).
33
Calculate (31 - 27) + -14 - -57.
47
What is the value of (66 + -87 + 38 - (-13 + 1)) + -19?
10
-122 + (-131 - -117) + (-4 - -6 - 3)
-137
What is the value of (0 - 1) + 19 - (-4 - (-48 + 45))?
19
Calculate 16 - (24 + (-41 - -3)) - 12.
18
What is 141 + 43 + 2 + -35?
151
Evaluate -10 - (-22 + 42 + -30 + 15).
-15
Evaluate 0 + 43 + (-5 - -11) + 4 + -29.
24
Calculate 4 - (-19 - 1 - (-1 + 4 - (-42 + 44))).
25
What is the value of 43 + (-812 - -824) + -31 + -1?
23
What is 1 + 53 + (-25 + -1 - (35 - (40 + 12)))?
45
What is -6 + (36 - 46) - 3?
-19
Evaluate 56 - (-57 + (46 - -65)).
2
What is the value of -25 - (3 + -111 + -16 - -14)?
85
Evaluate 34 + (-186 - -123) + 105.
76
-145 + 101 + (50 - 5)
1
Evaluate -17 - (-19 + -125) - (-140 - -144).
123
What is -1 + (3 - 2) + 3 + (-60 - (20 + -70))?
-7
What is the value of -16 + 36 + -13 - 12 - (-10 - -13)?
-8
Calculate (-28 - -26) + (33 - 7 - 39).
-15
Calculate (3 + 3 - (51 + -44)) + 0 - (4 + -26).
21
-218 + 187 + -10 + 1
-40
Evaluate -3 - (-88 - 20 - -68).
37
What is -159 - -211 - (38 + -2)?
16
What is the value of (36 + -20 - 17 - (-27 - -136)) + (0 - -1)?
-109
What is the value of 23 + (-34 - (7 - 35)) + -2 + 87?
102
(-4 - -1) + (4 - 1) - -1 - (11 + -5